{"id":7192,"date":"2019-02-20T06:37:08","date_gmt":"2019-02-20T05:37:08","guid":{"rendered":"http:\/\/www.pug.hr\/gimnazija\/?page_id=7192"},"modified":"2019-03-15T06:32:06","modified_gmt":"2019-03-15T05:32:06","slug":"filmski-izazov-srednje-skole","status":"publish","type":"page","link":"https:\/\/pug.hr\/gimnazija\/english-all-around-2019\/and-now-vote\/filmski-izazov-srednje-skole\/","title":{"rendered":"Filmski izazov \u2013 srednje \u0161kole"},"content":{"rendered":"<p>[ws_table id=&#8221;88&#8243;]<\/p>\n<p><a href=\"http:\/\/www.pug.hr\/gimnazija\/wp-content\/uploads\/2017\/02\/Kamera.png\" rel=\"attachment wp-att-5830\"><img loading=\"lazy\" decoding=\"async\" class=\"aligncenter wp-image-5830\" src=\"http:\/\/www.pug.hr\/gimnazija\/wp-content\/uploads\/2017\/02\/Kamera.png\" alt=\"Kamera\" width=\"400\" height=\"350\" srcset=\"https:\/\/pug.hr\/gimnazija\/wp-content\/uploads\/2017\/02\/Kamera.png 775w, https:\/\/pug.hr\/gimnazija\/wp-content\/uploads\/2017\/02\/Kamera-300x263.png 300w, https:\/\/pug.hr\/gimnazija\/wp-content\/uploads\/2017\/02\/Kamera-768x673.png 768w\" sizes=\"auto, (max-width: 400px) 100vw, 400px\" \/><\/a><\/p>\n<p>&nbsp;<\/p>\n<p style=\"text-align: justify;\">Na ovoj stranici mo\u017eete vidjeti radove pristigle na Filmski izazov u\u010denika <strong>SREDNJIH \u0160KOLA.<\/strong><\/p>\n<p><br class=\"\" \/><span style=\"color: #0000ff;\">On this page you can view works received for Movie challenge\u00a0&#8211; SECONDARY SCHOOLS.<\/span><\/p>\n<p class=\"\"><b>Error in Emotion<\/b><\/p>\n<p><iframe loading=\"lazy\" width=\"560\" height=\"315\" src=\"https:\/\/www.youtube.com\/embed\/6PfB-f3cYBs\" frameborder=\"0\" allow=\"accelerometer; autoplay; encrypted-media; gyroscope; picture-in-picture\" allowfullscreen><\/iframe><\/p>\n<p class=\"\"><b>Hope<\/b><\/p>\n<p><iframe loading=\"lazy\" width=\"560\" height=\"315\" src=\"https:\/\/www.youtube.com\/embed\/QH4WMIVHQko\" frameborder=\"0\" allow=\"accelerometer; autoplay; encrypted-media; gyroscope; picture-in-picture\" allowfullscreen><\/iframe><\/p>\n<p class=\"\"><b>Lost<\/b><\/p>\n<p><iframe loading=\"lazy\" width=\"560\" height=\"315\" src=\"https:\/\/www.youtube.com\/embed\/1N0WI57aWTM\" frameborder=\"0\" allow=\"accelerometer; autoplay; encrypted-media; gyroscope; picture-in-picture\" allowfullscreen><\/iframe><\/p>\n<p class=\"\"><b>The Days of the Future Present<\/b><\/p>\n<p><iframe loading=\"lazy\" width=\"560\" height=\"315\" src=\"https:\/\/www.youtube.com\/embed\/A2Wb80pbK94\" frameborder=\"0\" allow=\"accelerometer; autoplay; encrypted-media; gyroscope; picture-in-picture\" allowfullscreen><\/iframe><\/p>\n<p class=\"\"><b>Deviant<\/b><\/p>\n<p><iframe loading=\"lazy\" width=\"560\" height=\"315\" src=\"https:\/\/www.youtube.com\/embed\/VgZ3RR3WS_0\" frameborder=\"0\" allow=\"accelerometer; autoplay; encrypted-media; gyroscope; picture-in-picture\" allowfullscreen><\/iframe><\/p>\n<p class=\"\"><b>Message from the future<\/b><\/p>\n<p><iframe loading=\"lazy\" width=\"560\" height=\"315\" src=\"https:\/\/www.youtube.com\/embed\/5xQGN3yCfSw\" frameborder=\"0\" allow=\"accelerometer; autoplay; encrypted-media; gyroscope; picture-in-picture\" allowfullscreen><\/iframe><\/p>\n<p><script type=\"text\/javascript\" charset=\"utf-8\" src=\"https:\/\/secure.polldaddy.com\/p\/10245943.js\"><\/script><br \/>\n<noscript><a href=\"https:\/\/poll.fm\/10245943\">Odaberite najbolji film u\u010denika srednjih \u0161kola<\/a><\/noscript><\/p>\n","protected":false},"excerpt":{"rendered":"<p>[ws_table id=&#8221;88&#8243;] &nbsp; Na ovoj stranici mo\u017eete vidjeti radove pristigle na Filmski izazov&#8230;<\/p>\n","protected":false},"author":1,"featured_media":0,"parent":7186,"menu_order":0,"comment_status":"closed","ping_status":"closed","template":"","meta":{"ngg_post_thumbnail":0,"jetpack_post_was_ever_published":false,"footnotes":""},"class_list":["post-7192","page","type-page","status-publish","hentry"],"jetpack_sharing_enabled":true,"jetpack_shortlink":"https:\/\/wp.me\/P2cktY-1S0","_links":{"self":[{"href":"https:\/\/pug.hr\/gimnazija\/wp-json\/wp\/v2\/pages\/7192","targetHints":{"allow":["GET"]}}],"collection":[{"href":"https:\/\/pug.hr\/gimnazija\/wp-json\/wp\/v2\/pages"}],"about":[{"href":"https:\/\/pug.hr\/gimnazija\/wp-json\/wp\/v2\/types\/page"}],"author":[{"embeddable":true,"href":"https:\/\/pug.hr\/gimnazija\/wp-json\/wp\/v2\/users\/1"}],"replies":[{"embeddable":true,"href":"https:\/\/pug.hr\/gimnazija\/wp-json\/wp\/v2\/comments?post=7192"}],"version-history":[{"count":4,"href":"https:\/\/pug.hr\/gimnazija\/wp-json\/wp\/v2\/pages\/7192\/revisions"}],"predecessor-version":[{"id":7402,"href":"https:\/\/pug.hr\/gimnazija\/wp-json\/wp\/v2\/pages\/7192\/revisions\/7402"}],"up":[{"embeddable":true,"href":"https:\/\/pug.hr\/gimnazija\/wp-json\/wp\/v2\/pages\/7186"}],"wp:attachment":[{"href":"https:\/\/pug.hr\/gimnazija\/wp-json\/wp\/v2\/media?parent=7192"}],"curies":[{"name":"wp","href":"https:\/\/api.w.org\/{rel}","templated":true}]}}