{"id":6599,"date":"2017-11-05T23:03:22","date_gmt":"2017-11-05T22:03:22","guid":{"rendered":"http:\/\/www.pug.hr\/gimnazija\/?page_id=6599"},"modified":"2018-03-20T08:54:24","modified_gmt":"2018-03-20T07:54:24","slug":"nas-tim-our-team","status":"publish","type":"page","link":"https:\/\/pug.hr\/gimnazija\/english-all-around\/nas-tim-our-team\/","title":{"rendered":"Na\u0161 tim &#8211; our team"},"content":{"rendered":"<h4>[ws_table id=&#8221;82&#8243;]<\/h4>\n<h4>Upoznajte ljude zadu\u017eene za organizaciju festivala!<\/h4>\n<h4>Meet the people in charge of the Festival!<\/h4>\n<p>&nbsp;<\/p>\n<h3>\u00a0<a href=\"http:\/\/www.pug.hr\/gimnazija\/wp-content\/uploads\/2016\/11\/Tea.jpg\" rel=\"attachment wp-att-5589\"><img loading=\"lazy\" decoding=\"async\" class=\"wp-image-5589 alignleft\" src=\"http:\/\/www.pug.hr\/gimnazija\/wp-content\/uploads\/2016\/11\/Tea-300x300.jpg\" alt=\"tea\" width=\"200\" height=\"200\" srcset=\"https:\/\/pug.hr\/gimnazija\/wp-content\/uploads\/2016\/11\/Tea-300x300.jpg 300w, https:\/\/pug.hr\/gimnazija\/wp-content\/uploads\/2016\/11\/Tea-150x150.jpg 150w, https:\/\/pug.hr\/gimnazija\/wp-content\/uploads\/2016\/11\/Tea-768x768.jpg 768w, https:\/\/pug.hr\/gimnazija\/wp-content\/uploads\/2016\/11\/Tea.jpg 960w\" sizes=\"auto, (max-width: 200px) 100vw, 200px\" \/><\/a>Tea Hofmann<strong>\u00a0<\/strong><\/h3>\n<p>Ravnateljica<\/p>\n<p>Head of school<\/p>\n<p><img loading=\"lazy\" decoding=\"async\" class=\"aligncenter wp-image-174\" src=\"http:\/\/www.pug.hr\/gimnazija\/wp-content\/uploads\/2012\/02\/Line-300x8.jpg\" alt=\"\" width=\"625\" height=\"8\" \/><\/p>\n<h3><strong>Bojan Prosenjak<a href=\"http:\/\/www.pug.hr\/gimnazija\/wp-content\/uploads\/2012\/02\/Bojan-Prosenjak-2.jpg\"><img loading=\"lazy\" decoding=\"async\" class=\"alignright wp-image-1152\" title=\"Bojan Prosenjak 2\" src=\"http:\/\/www.pug.hr\/gimnazija\/wp-content\/uploads\/2012\/02\/Bojan-Prosenjak-2.jpg\" alt=\"\" width=\"164\" height=\"185\" \/><\/a><\/strong><\/h3>\n<p>&nbsp;<\/p>\n<p>Profesor engleskoga i francuskoga jezika i knji\u017eevnosti.<\/p>\n<p>Glavni koordinator festivala English All Around<\/p>\n<p><em><span style=\"color: #3366ff;\">Teacher of the English and French language and literature.<\/span><\/em><\/p>\n<p><em><span style=\"color: #3366ff;\">English All Around Festival Head Coordinator<\/span><\/em><\/p>\n<p><img loading=\"lazy\" decoding=\"async\" class=\"aligncenter wp-image-174\" src=\"http:\/\/www.pug.hr\/gimnazija\/wp-content\/uploads\/2012\/02\/Line-300x8.jpg\" alt=\"\" width=\"625\" height=\"8\" \/><\/p>\n<p><strong><a href=\"http:\/\/www.pug.hr\/gimnazija\/wp-content\/uploads\/2017\/02\/ja.jpg\" rel=\"attachment wp-att-5946\"><img loading=\"lazy\" decoding=\"async\" class=\"size-full wp-image-5946 alignleft\" src=\"http:\/\/www.pug.hr\/gimnazija\/wp-content\/uploads\/2017\/02\/ja.jpg\" alt=\"ja\" width=\"206\" height=\"206\" srcset=\"https:\/\/pug.hr\/gimnazija\/wp-content\/uploads\/2017\/02\/ja.jpg 206w, https:\/\/pug.hr\/gimnazija\/wp-content\/uploads\/2017\/02\/ja-150x150.jpg 150w\" sizes=\"auto, (max-width: 206px) 100vw, 206px\" \/><\/a>Davor Kaji\u0107<\/strong><br class=\"\" \/><br class=\"\" \/><\/p>\n<p>Predsjednik \u0161kolskog odbora.<\/p>\n<p>Na festivalu English All Around zadu\u017een za informati\u010dku i logisti\u010dku podr\u0161ku.<\/p>\n<p><span style=\"color: #3366ff;\"><em>School Board President<\/em><\/span><\/p>\n<p><span style=\"color: #3366ff;\"><em>English All Around Festival technical and logistical support.<\/em><\/span><\/p>\n<p><img loading=\"lazy\" decoding=\"async\" class=\"aligncenter wp-image-174\" src=\"http:\/\/www.pug.hr\/gimnazija\/wp-content\/uploads\/2012\/02\/Line-300x8.jpg\" alt=\"\" width=\"625\" height=\"8\" \/><\/p>\n<h3>\u00a0\u00a0In charge of individual challenges:<\/h3>\n<h3><\/h3>\n<h4>Za pojedine izazove zadu\u017eeni su:<\/h4>\n<h3>\u00a0<img loading=\"lazy\" decoding=\"async\" class=\"aligncenter wp-image-174\" src=\"http:\/\/www.pug.hr\/gimnazija\/wp-content\/uploads\/2012\/02\/Line-300x8.jpg\" alt=\"\" width=\"625\" height=\"8\" \/><strong>Romina Makoter<a href=\"http:\/\/www.pug.hr\/gimnazija\/wp-content\/uploads\/2012\/02\/Romina.jpg\"><img loading=\"lazy\" decoding=\"async\" class=\"alignright size-thumbnail wp-image-1004\" title=\"Romina\" src=\"http:\/\/www.pug.hr\/gimnazija\/wp-content\/uploads\/2012\/02\/Romina-150x150.jpg\" alt=\"\" width=\"150\" height=\"150\" \/><\/a><\/strong><\/h3>\n<p>Profesorica talijanskoga jezika, likovne i filmske\u00a0umjetnosti.<\/p>\n<p><span style=\"color: #3366ff;\"><em>Teacher of Italian, History of Art and Movie Arts.<\/em><\/span><\/p>\n<p>&nbsp;<\/p>\n<p><img loading=\"lazy\" decoding=\"async\" class=\"aligncenter wp-image-174\" src=\"http:\/\/www.pug.hr\/gimnazija\/wp-content\/uploads\/2012\/02\/Line-300x8.jpg\" alt=\"\" width=\"625\" height=\"8\" \/><\/p>\n<h3><strong>Tanja Zovki\u0107<a href=\"http:\/\/www.pug.hr\/gimnazija\/wp-content\/uploads\/2012\/02\/Zovkic_Tanja.jpg\" rel=\"attachment wp-att-5574\"><img loading=\"lazy\" decoding=\"async\" class=\"wp-image-5574 alignleft\" src=\"http:\/\/www.pug.hr\/gimnazija\/wp-content\/uploads\/2012\/02\/Zovkic_Tanja.jpg\" alt=\"zovkic_tanja\" width=\"141\" height=\"197\" srcset=\"https:\/\/pug.hr\/gimnazija\/wp-content\/uploads\/2012\/02\/Zovkic_Tanja.jpg 479w, https:\/\/pug.hr\/gimnazija\/wp-content\/uploads\/2012\/02\/Zovkic_Tanja-215x300.jpg 215w\" sizes=\"auto, (max-width: 141px) 100vw, 141px\" \/><\/a><\/strong><\/h3>\n<p>Profesorica biologije i kemije<\/p>\n<p><span style=\"color: #3366ff;\"><em>Biology and Chemistry teacher.<\/em><\/span><\/p>\n<p>&nbsp;<\/p>\n<p><img loading=\"lazy\" decoding=\"async\" class=\"aligncenter wp-image-174\" src=\"http:\/\/www.pug.hr\/gimnazija\/wp-content\/uploads\/2012\/02\/Line-300x8.jpg\" alt=\"\" width=\"625\" height=\"8\" \/><\/p>\n<h3><strong>Ante Zlatko Stolica<a href=\"http:\/\/www.pug.hr\/gimnazija\/wp-content\/uploads\/2012\/02\/Ante.jpg\" rel=\"attachment wp-att-5599\"><img loading=\"lazy\" decoding=\"async\" class=\"wp-image-5599 alignright\" src=\"http:\/\/www.pug.hr\/gimnazija\/wp-content\/uploads\/2012\/02\/Ante.jpg\" alt=\"ante\" width=\"204\" height=\"205\" srcset=\"https:\/\/pug.hr\/gimnazija\/wp-content\/uploads\/2012\/02\/Ante.jpg 610w, https:\/\/pug.hr\/gimnazija\/wp-content\/uploads\/2012\/02\/Ante-150x150.jpg 150w, https:\/\/pug.hr\/gimnazija\/wp-content\/uploads\/2012\/02\/Ante-300x300.jpg 300w\" sizes=\"auto, (max-width: 204px) 100vw, 204px\" \/><\/a><\/strong><\/h3>\n<p>Profesor hrvatskog jezika i knji\u017eevnosti<\/p>\n<p><span style=\"color: #3366ff;\"><em>Croatian language and literature teacher.<\/em><\/span><\/p>\n<p><img loading=\"lazy\" decoding=\"async\" class=\"aligncenter wp-image-174\" src=\"http:\/\/www.pug.hr\/gimnazija\/wp-content\/uploads\/2012\/02\/Line-300x8.jpg\" alt=\"\" width=\"625\" height=\"8\" \/><\/p>\n<h3><strong><a href=\"http:\/\/www.pug.hr\/gimnazija\/wp-content\/uploads\/2012\/02\/Ana-Petrovic.jpg\"><img loading=\"lazy\" decoding=\"async\" class=\"size-thumbnail wp-image-544 alignleft\" title=\"Ana Petrovic\" src=\"http:\/\/www.pug.hr\/gimnazija\/wp-content\/uploads\/2012\/02\/Ana-Petrovic-150x150.jpg\" alt=\"\" width=\"150\" height=\"150\" \/><\/a><em><span style=\"color: #3366ff;\">Ana Petrovi\u0107<\/span><\/em><\/strong><\/h3>\n<p>Profesorica matematike i informatike<\/p>\n<p><em><span style=\"color: #3366ff;\">Mathematics and IT teacher.<\/span><\/em><\/p>\n<p><img loading=\"lazy\" decoding=\"async\" src=\"http:\/\/www.pug.hr\/gimnazija\/wp-content\/uploads\/2012\/02\/Line-300x8.jpg\" alt=\"\" width=\"625\" height=\"8\" \/><\/p>\n<h3><strong>Irina Rajnovi\u0107<a href=\"http:\/\/www.pug.hr\/gimnazija\/wp-content\/uploads\/2017\/02\/vlcsnap-2016-09-06-12h05m13s33.png\" rel=\"attachment wp-att-6010\"><img loading=\"lazy\" decoding=\"async\" class=\" wp-image-6010 alignright\" src=\"http:\/\/www.pug.hr\/gimnazija\/wp-content\/uploads\/2017\/02\/vlcsnap-2016-09-06-12h05m13s33.png\" alt=\"vlcsnap-2016-09-06-12h05m13s33\" width=\"203\" height=\"200\" srcset=\"https:\/\/pug.hr\/gimnazija\/wp-content\/uploads\/2017\/02\/vlcsnap-2016-09-06-12h05m13s33.png 423w, https:\/\/pug.hr\/gimnazija\/wp-content\/uploads\/2017\/02\/vlcsnap-2016-09-06-12h05m13s33-300x294.png 300w\" sizes=\"auto, (max-width: 203px) 100vw, 203px\" \/><\/a><\/strong><\/h3>\n<p>Profesorica engleskoga jezika<\/p>\n<p><span style=\"color: #3366ff;\"><em>English teacher.<\/em><\/span><\/p>\n<p>&nbsp;<\/p>\n<p>&nbsp;<\/p>\n<p>&nbsp;<\/p>\n<p><img loading=\"lazy\" decoding=\"async\" class=\"aligncenter wp-image-174\" src=\"http:\/\/www.pug.hr\/gimnazija\/wp-content\/uploads\/2012\/02\/Line-300x8.jpg\" alt=\"\" width=\"625\" height=\"8\" \/><a href=\"http:\/\/www.pug.hr\/gimnazija\/wp-content\/uploads\/2012\/02\/Marko-Marinov.jpg\"><img loading=\"lazy\" decoding=\"async\" class=\"wp-image-6386 alignright\" src=\"http:\/\/www.pug.hr\/gimnazija\/wp-content\/uploads\/2012\/02\/Marko-Marinov.jpg\" alt=\"\" width=\"147\" height=\"230\" srcset=\"https:\/\/pug.hr\/gimnazija\/wp-content\/uploads\/2012\/02\/Marko-Marinov.jpg 266w, https:\/\/pug.hr\/gimnazija\/wp-content\/uploads\/2012\/02\/Marko-Marinov-192x300.jpg 192w\" sizes=\"auto, (max-width: 147px) 100vw, 147px\" \/><\/a><\/p>\n<h3><strong>Marko Marinov<\/strong><\/h3>\n<p>Profesor matematike.<\/p>\n<p><span style=\"color: #3366ff;\"><em>Mathematics teacher.<\/em><\/span><\/p>\n<p>&nbsp;<\/p>\n<p>&nbsp;<\/p>\n<p>&nbsp;<\/p>\n<p><img loading=\"lazy\" decoding=\"async\" class=\"aligncenter wp-image-174\" src=\"http:\/\/www.pug.hr\/gimnazija\/wp-content\/uploads\/2012\/02\/Line-300x8.jpg\" alt=\"\" width=\"625\" height=\"8\" \/><\/p>\n<p>&nbsp;<\/p>\n<p>Vidimo se u PUG-u!!!<\/p>\n<p>See you in PUG!!!<\/p>\n<p><a href=\"http:\/\/www.pug.hr\/gimnazija\/wp-content\/uploads\/2017\/02\/Our-team.jpg\"><img loading=\"lazy\" decoding=\"async\" class=\"aligncenter wp-image-5949\" src=\"http:\/\/www.pug.hr\/gimnazija\/wp-content\/uploads\/2017\/02\/Our-team.jpg\" alt=\"\" width=\"600\" height=\"450\" srcset=\"https:\/\/pug.hr\/gimnazija\/wp-content\/uploads\/2017\/02\/Our-team.jpg 960w, https:\/\/pug.hr\/gimnazija\/wp-content\/uploads\/2017\/02\/Our-team-300x225.jpg 300w, https:\/\/pug.hr\/gimnazija\/wp-content\/uploads\/2017\/02\/Our-team-768x576.jpg 768w\" sizes=\"auto, (max-width: 600px) 100vw, 600px\" \/><\/a><\/p>\n<p>&nbsp;<\/p>\n<h4>[ws_table id=&#8221;82&#8243;]<\/h4>\n","protected":false},"excerpt":{"rendered":"<p>[ws_table id=&#8221;82&#8243;] Upoznajte ljude zadu\u017eene za organizaciju festivala! Meet the people in charge&#8230;<\/p>\n","protected":false},"author":1,"featured_media":0,"parent":5757,"menu_order":0,"comment_status":"closed","ping_status":"closed","template":"","meta":{"ngg_post_thumbnail":0,"jetpack_post_was_ever_published":false,"footnotes":""},"class_list":["post-6599","page","type-page","status-publish","hentry"],"jetpack_sharing_enabled":true,"jetpack_shortlink":"https:\/\/wp.me\/P2cktY-1Ir","_links":{"self":[{"href":"https:\/\/pug.hr\/gimnazija\/wp-json\/wp\/v2\/pages\/6599","targetHints":{"allow":["GET"]}}],"collection":[{"href":"https:\/\/pug.hr\/gimnazija\/wp-json\/wp\/v2\/pages"}],"about":[{"href":"https:\/\/pug.hr\/gimnazija\/wp-json\/wp\/v2\/types\/page"}],"author":[{"embeddable":true,"href":"https:\/\/pug.hr\/gimnazija\/wp-json\/wp\/v2\/users\/1"}],"replies":[{"embeddable":true,"href":"https:\/\/pug.hr\/gimnazija\/wp-json\/wp\/v2\/comments?post=6599"}],"version-history":[{"count":5,"href":"https:\/\/pug.hr\/gimnazija\/wp-json\/wp\/v2\/pages\/6599\/revisions"}],"predecessor-version":[{"id":6947,"href":"https:\/\/pug.hr\/gimnazija\/wp-json\/wp\/v2\/pages\/6599\/revisions\/6947"}],"up":[{"embeddable":true,"href":"https:\/\/pug.hr\/gimnazija\/wp-json\/wp\/v2\/pages\/5757"}],"wp:attachment":[{"href":"https:\/\/pug.hr\/gimnazija\/wp-json\/wp\/v2\/media?parent=6599"}],"curies":[{"name":"wp","href":"https:\/\/api.w.org\/{rel}","templated":true}]}}