{"id":6352,"date":"2017-09-07T19:42:04","date_gmt":"2017-09-07T17:42:04","guid":{"rendered":"http:\/\/www.pug.hr\/gimnazija\/?page_id=6352"},"modified":"2017-09-15T20:42:25","modified_gmt":"2017-09-15T18:42:25","slug":"odaberite-temu","status":"publish","type":"page","link":"https:\/\/pug.hr\/gimnazija\/odaberite-temu\/","title":{"rendered":"Odaberite temu festivala 2018. &#8211; Choose the festival&#8217;s topic for 2018"},"content":{"rendered":"<p style=\"text-align: justify;\"><a href=\"http:\/\/www.pug.hr\/gimnazija\/wp-content\/uploads\/2017\/09\/17498858_1867675486820179_2719278401615903275_n.jpg\"><img loading=\"lazy\" decoding=\"async\" class=\"aligncenter wp-image-6350\" src=\"http:\/\/www.pug.hr\/gimnazija\/wp-content\/uploads\/2017\/09\/17498858_1867675486820179_2719278401615903275_n.jpg\" alt=\"\" width=\"600\" height=\"274\" srcset=\"https:\/\/pug.hr\/gimnazija\/wp-content\/uploads\/2017\/09\/17498858_1867675486820179_2719278401615903275_n.jpg 960w, https:\/\/pug.hr\/gimnazija\/wp-content\/uploads\/2017\/09\/17498858_1867675486820179_2719278401615903275_n-300x137.jpg 300w, https:\/\/pug.hr\/gimnazija\/wp-content\/uploads\/2017\/09\/17498858_1867675486820179_2719278401615903275_n-768x350.jpg 768w\" sizes=\"auto, (max-width: 600px) 100vw, 600px\" \/><\/a>Profesori Privatne umjetni\u010dke gimnazije zapo\u010deli su s organizacijom drugoga festivala English All Around ve\u0107 od trenutka kada je zavr\u0161io prvi. Otada razmi\u0161ljamo \u0161to i kako pobolj\u0161ati da festival bude jo\u0161 uspje\u0161niji &#8211; u tome su nam uvelike pomogle va\u0161e povratne informacije i jedva \u010dekamo da vas sve ugostimo u o\u017eujku 2018.<\/p>\n<p style=\"text-align: justify; padding-left: 30px;\"><span style=\"color: #0000ff;\">Teachers of Private High School for Arts have started organizing the second festival English All Around<\/span><span style=\"color: #0000ff;\">\u00a0from the moment the first one finished. Since then we&#8217;ve been thinking about what and how to modify in order to make the festival even more successful &#8211; in that we&#8217;ve been greatly helped by your feedback and we cannot wait to host you all in March 2018.<\/span><\/p>\n<p style=\"text-align: justify;\">Prvi je korak u organizaciji &#8211; odabir teme. Cijelo smo ljeto razmi\u0161ljali i imamo pet odli\u010dnih tema. Sada nam je potrebna va\u0161a pomo\u0107 da odaberemo temu ovogodi\u0161njega festivala. Pro\u010ditajte kratke opise tema i na dnu ove stranice glasujte za onu koja vam se \u010dini najbolja.<\/p>\n<p style=\"text-align: justify;\">Opisi tema na\u0161a su\u00a0neobvezatna razmi\u0161ljanja, a ne obvezatne smjernice, niti iscrpljuju sve o \u010demu se pod odre\u0111enom temom mo\u017ee raspravljati.<\/p>\n<p style=\"text-align: justify; padding-left: 30px;\"><span style=\"color: #0000ff;\">The first step in the organization is &#8211; choosing a topic. We&#8217;ve been thinking all summer and we&#8217;ve come up with five great topics. Now we need your help to choose the one that is going to be the topic of this year&#8217;s festival. Please, read the short description of each topic and, at the bottom of this page, vote for the one you find the best.<\/span><br \/>\n<span style=\"color: #0000ff;\"> Topic descriptions are our own random thoughts, not mandatory guidelines nor exhaustive of what can be covered under a particular topic.<\/span><\/p>\n<h2 style=\"text-align: center;\"><strong>TOPIC 1<\/strong><\/h2>\n<table width=\"100%\">\n<tbody>\n<tr align=\"CENTER\">\n<td>\n<h3><strong>KULTURNA BA\u0160TINA<\/strong><\/h3>\n<\/td>\n<td>\n<h3><span style=\"color: #0000ff;\"><strong>CULTURAL HERITAGE<\/strong><\/span><\/h3>\n<\/td>\n<\/tr>\n<tr align=\"CENTER\">\n<td>Uz 2018. &#8211; Europsku godinu kulturne ba\u0161tine.<br \/>\nOva tema omogu\u0107uje bavljenje pitanjima poput:<\/td>\n<td><span style=\"color: #0000ff;\">Related to 2018 &#8211; European Year of Cultural Heritage.<\/span><br \/>\n<span style=\"color: #0000ff;\"> This topic allows us to consider issues such as:<\/span><\/td>\n<\/tr>\n<tr align=\"CENTER\">\n<td style=\"text-align: left;\"><em><strong>Definicija kulturne ba\u0161tine<\/strong><\/em><\/td>\n<td style=\"text-align: left;\"><span style=\"color: #0000ff;\"><em><strong>Defining cultural heritage<\/strong><\/em><\/span><\/td>\n<\/tr>\n<tr align=\"CENTER\">\n<td>\n<ul>\n<li style=\"text-align: left;\">Izvori iz pro\u0161losti i\/ili sada\u0161njosti u razli\u010ditim oblicima<\/li>\n<li style=\"text-align: left;\">Spomenici<\/li>\n<li style=\"text-align: left;\">Mjesta<\/li>\n<li style=\"text-align: left;\">Razne tradicije i obi\u010daji<\/li>\n<li style=\"text-align: left;\">Znanja, vje\u0161tine i kreativnost koji se prenose na nove generacije<\/li>\n<li style=\"text-align: left;\">Muzeji, knji\u017enice i arhivi<\/li>\n<\/ul>\n<\/td>\n<td>\n<ul>\n<li style=\"text-align: left;\"><span style=\"color: #0000ff;\">Sources from history and\/or present in different forms.<\/span><\/li>\n<li style=\"text-align: left;\"><span style=\"color: #0000ff;\"> Monuments<\/span><\/li>\n<li style=\"text-align: left;\"><span style=\"color: #0000ff;\"> Places<\/span><\/li>\n<li style=\"text-align: left;\"><span style=\"color: #0000ff;\"> Various traditions and customs.<\/span><\/li>\n<li style=\"text-align: left;\"><span style=\"color: #0000ff;\"> Knowledge, skills and creativity passed onto new generations.<\/span><\/li>\n<li style=\"text-align: left;\"><span style=\"color: #0000ff;\"> Museums, libraries, archives.<\/span><\/li>\n<\/ul>\n<\/td>\n<\/tr>\n<tr>\n<td><strong>Mogu\u0107nosti koje kulturna ba\u0161tina nudi:<\/strong><\/td>\n<td><span style=\"color: #0000ff;\"><strong>Possibilities cultural heritage offers:<\/strong><\/span><\/td>\n<\/tr>\n<tr>\n<td>\n<ul>\n<li>ekonomski razvoj<\/li>\n<li>novi na\u010dini uporabe kulturne ba\u0161tine (<em>branding<\/em>, istra\u017eivanje novih mogu\u0107nosti)<\/li>\n<li>kulturna ba\u0161tina u obrazovanju<\/li>\n<\/ul>\n<\/td>\n<td>\n<ul>\n<li><span style=\"color: #0000ff;\">economic benefit<\/span><\/li>\n<li><span style=\"color: #0000ff;\"> new ways of using cultural heritage (branding, finding new uses)<\/span><\/li>\n<li><span style=\"color: #0000ff;\"> cultural heritage in education<\/span><\/li>\n<\/ul>\n<\/td>\n<\/tr>\n<tr>\n<td><strong>Izazovi pred kulturnom ba\u0161tinom<\/strong><\/td>\n<td><span style=\"color: #0000ff;\"><strong>Challenges cultural heritage faces:<\/strong><\/span><\/td>\n<\/tr>\n<tr>\n<td>\n<ul>\n<li>digitalizacija<\/li>\n<li>utjecaji okoli\u0161a na kulturnu ba\u0161tinu<\/li>\n<li>nezakonita trgovina i iskori\u0161tavanje<\/li>\n<li>za\u0161tita<\/li>\n<\/ul>\n<\/td>\n<td>\n<ul>\n<li><span style=\"color: #0000ff;\">digitalization<\/span><\/li>\n<li><span style=\"color: #0000ff;\"> effect of environment on cultural heritage<\/span><\/li>\n<li><span style=\"color: #0000ff;\"> illegal trade and exploitation<\/span><\/li>\n<li><span style=\"color: #0000ff;\"> protection<\/span><\/li>\n<\/ul>\n<\/td>\n<\/tr>\n<\/tbody>\n<\/table>\n<p>&nbsp;<\/p>\n<h2 style=\"text-align: center;\"><strong>TOPIC 2<\/strong><\/h2>\n<p>&nbsp;<\/p>\n<table width=\"100%\">\n<tbody>\n<tr>\n<td style=\"text-align: center;\">\n<h3><strong>IDENTITET <\/strong><\/h3>\n<\/td>\n<td style=\"text-align: center;\">\n<h3><span style=\"color: #0000ff;\"><strong>IDENTITY<\/strong><\/span><\/h3>\n<\/td>\n<\/tr>\n<tr>\n<td>Tema koja omogu\u0107uje raspravu o raznim pitanjima, poput:<\/td>\n<td><span style=\"color: #0000ff;\">Topic which opens discussion on various subjects, such as:<\/span><\/td>\n<\/tr>\n<tr>\n<td><strong>Definiranje identiteta:<\/strong><\/td>\n<td><span style=\"color: #0000ff;\"><strong>Defining identity:<\/strong><\/span><\/td>\n<\/tr>\n<tr>\n<td>\u0160to definira identitet? \u0160to na njega utje\u010de? \u0160to ga oblikuje? \u0160to ga mijenja? Kako prona\u0107i vlastiti identitet? Utje\u010de li izgled na na\u0161 identitet ili ga mijenja?<\/td>\n<td><span style=\"color: #0000ff;\">What defines identity? What influences it? What shapes it? What changes it? How does one find their own identity? Do appearances influence our identity or do they change it?<\/span><\/td>\n<\/tr>\n<tr>\n<td><strong>Vrste identiteta:<\/strong><\/td>\n<td><span style=\"color: #0000ff;\"><strong>Types of identity:<\/strong><\/span><\/td>\n<\/tr>\n<tr>\n<td>Osobni \u2013 Dru\u0161tveni \u2013 Kolektivni \u2013 Nacionalni \u2013 Fluidni \u2013 Vi\u0161estruki \u2013 Nestaju\u0107i \u2013 Ugro\u017eeni \u2013 Izgubljeni \u2013 Stigmatizirani \u2013 Virtualni &#8211; Vizualni<\/td>\n<td><span style=\"color: #0000ff;\">Individual\/personal \u2013 Social \u2013 Collective \u2013 National \u2013 Fluid \u2013 Multiple \u2013 Disappearing \u2013 Endangered \u2013 Lost \u2013 Stigmatized \u2013 Virtual \u2013 Visual<\/span><\/td>\n<\/tr>\n<tr>\n<td><strong>Virtualni identitet:<\/strong><\/td>\n<td><span style=\"color: #0000ff;\"><strong>Virtual identity:<\/strong><\/span><\/td>\n<\/tr>\n<tr>\n<td>Otkako su razne dru\u0161tvene mre\u017ee preplavile Internet ljudi su stvorili razne virtualne identitete. Zamjenjuju li virtualni identiteti na\u0161e prave identitete? Poma\u017eu li oni osobi stvoriti vlastito \u201eja\u201d ili se ljudi izgube me\u0111u njima? Jesu li na\u0161i virtualni identiteti la\u017eni ili nam omogu\u0107uju biti ono \u0161to jesmo? Ima li osoba pravo na vi\u0161estruke identitete?<\/td>\n<td><span style=\"color: #0000ff;\">Ever since various social networks flooded the Internet, people have constructed numerous virtual identities. Do virtual identities replace our true identities? Do they help a person form their own \u201cI\u201d or are they lost among them? Are our virtual identities fake or do they enable us be our true selves? Does a person have the right to have multiple identities?<\/span><\/td>\n<\/tr>\n<\/tbody>\n<\/table>\n<p>&nbsp;<\/p>\n<h2 style=\"text-align: center;\"><strong>TOPIC 3<\/strong><\/h2>\n<p>&nbsp;<\/p>\n<table width=\"100%\">\n<tbody>\n<tr>\n<td style=\"text-align: center;\">\n<h3>TEHNOLOGIJA<\/h3>\n<\/td>\n<td>\n<h3 style=\"text-align: center;\"><span style=\"color: #0000ff;\">TECHNOLOGY<\/span><\/h3>\n<\/td>\n<\/tr>\n<tr>\n<td><strong>Razmi\u0161ljanja o tehnologiji op\u0107enito<\/strong><\/td>\n<td><span style=\"color: #0000ff;\"><strong>Considerations about technology in general<\/strong><\/span><\/td>\n<\/tr>\n<tr>\n<td>\n<ul>\n<li>Tehnologija kroz vrijeme<\/li>\n<li>Pozitivni i negativni utjecaji tehnologije<\/li>\n<li>Razlike u kori\u0161tenju tehnologije u svijetu<\/li>\n<li>\u010ciste tehnologije (odr\u017eive, s pozitivnim utjecajem na okoli\u0161)<\/li>\n<\/ul>\n<\/td>\n<td>\n<ul>\n<li><span style=\"color: #0000ff;\">Technology through time<\/span><\/li>\n<li><span style=\"color: #0000ff;\"> Positive and negative influences of technology<\/span><\/li>\n<li><span style=\"color: #0000ff;\"> Differences in technology application around the world<\/span><\/li>\n<li><span style=\"color: #0000ff;\"> Clean technologies (sustainable, environmentally friendly)<\/span><\/li>\n<\/ul>\n<\/td>\n<\/tr>\n<tr>\n<td><strong>Moderne tehnologije<\/strong><\/td>\n<td><span style=\"color: #0000ff;\"><strong>Modern technology<\/strong><\/span><\/td>\n<\/tr>\n<tr>\n<td>\n<ul>\n<li>\u0160to sve postoji danas?<\/li>\n<li>\u0160to \u0107e postojati?<\/li>\n<li>Kako moderne tehnologije utje\u010du na svakodnevni \u017eivot ljudi, posebno mladih ljudi?<\/li>\n<li>Pozitivni i negativni utjecaj moderne tehnologije<\/li>\n<li>Kako tehnologija utje\u010de na rast, razvoj i igranje mladih ljudi?<\/li>\n<li>e-gra\u0111anin<\/li>\n<li>Moderne tehnologije u nastavi (Microbit, pametne plo\u010de, mobiteli, e-dnevnik)<\/li>\n<\/ul>\n<\/td>\n<td>\n<ul>\n<li><span style=\"color: #0000ff;\">What exists today?<\/span><\/li>\n<li><span style=\"color: #0000ff;\"> What will exist in future?<\/span><\/li>\n<li><span style=\"color: #0000ff;\"> How modern technology affects people&#8217;s everyday lives, especially young people?<\/span><\/li>\n<li><span style=\"color: #0000ff;\"> Positive and negative influence of modern technology<\/span><\/li>\n<li><span style=\"color: #0000ff;\"> How technology affects the growth, development and games of young people?<\/span><\/li>\n<li><span style=\"color: #0000ff;\"> e-citizen<\/span><\/li>\n<li><span style=\"color: #0000ff;\"> Modern technology in teaching (Microbit, smart boards, cell phones, e-register)<\/span><\/li>\n<\/ul>\n<\/td>\n<\/tr>\n<tr>\n<td><strong>Virtualni svjetovi i komunikacija<\/strong><\/td>\n<td><span style=\"color: #0000ff;\"><strong>Virtual worlds and communication<\/strong><\/span><\/td>\n<\/tr>\n<tr>\n<td>\n<ul>\n<li>Ra\u010dunalne igre<\/li>\n<li>Dru\u0161tvene mre\u017ee<\/li>\n<li>Internetski portali s vijestima (<em>infotainment<\/em>)<\/li>\n<\/ul>\n<\/td>\n<td>\n<ul>\n<li><span style=\"color: #0000ff;\">Gaming<\/span><\/li>\n<li><span style=\"color: #0000ff;\"> Social networks<\/span><\/li>\n<li><span style=\"color: #0000ff;\"> Internet news portals (infotainment)<\/span><\/li>\n<\/ul>\n<\/td>\n<\/tr>\n<\/tbody>\n<\/table>\n<p>&nbsp;<\/p>\n<h2 style=\"text-align: center;\"><strong>TOPIC 4<\/strong><\/h2>\n<p>&nbsp;<\/p>\n<table width=\"100%\">\n<tbody>\n<tr>\n<td>\n<h3 style=\"text-align: center;\">UMJETNOST<\/h3>\n<\/td>\n<td>\n<h3 style=\"text-align: center;\"><span style=\"color: #0000ff;\">ART<\/span><\/h3>\n<\/td>\n<\/tr>\n<tr>\n<td><strong>Op\u0107enita pitanja o umjetnosti<\/strong><\/td>\n<td><span style=\"color: #0000ff;\"><strong>General questions about art<\/strong><\/span><\/td>\n<\/tr>\n<tr>\n<td>\n<ul>\n<li>Je li umjetnost neophodna ljudska aktivnost?<\/li>\n<li>Mo\u017eemo li zamisliti \u017eivot bez umjetnosti?<\/li>\n<li>Mo\u017ee li se od umjetnosti \u017eivjeti?<\/li>\n<li>Treba li se mo\u0107i \u017eivjeti od umjetnosti?<\/li>\n<li>Izdvaja li dr\u017eava dovoljno za umjetnost?<\/li>\n<li>Izdvajamo li kao dru\u0161tvo dovoljno za umjetnost (sponzorstva itd.)?<\/li>\n<li>Umjetni\u010dke stipendije \u2013 vrata u nastavak \u0161kolovanja<\/li>\n<\/ul>\n<\/td>\n<td>\n<ul>\n<li><span style=\"color: #0000ff;\">Is art a necessary human activity?<\/span><\/li>\n<li><span style=\"color: #0000ff;\"> Can we imagine life without art ?<\/span><\/li>\n<li><span style=\"color: #0000ff;\"> Can a person live of arts?<\/span><\/li>\n<li><span style=\"color: #0000ff;\"> Should a person be able to live of arts?<\/span><\/li>\n<li><span style=\"color: #0000ff;\"> Is state funding for arts enough?<\/span><\/li>\n<li><span style=\"color: #0000ff;\"> Do we as a society sufficiently fund art (sponsorships, etc.)?<\/span><\/li>\n<li><span style=\"color: #0000ff;\"> Artistic scholarships &#8211; a gateway to continuing education<\/span><\/li>\n<\/ul>\n<\/td>\n<\/tr>\n<tr>\n<td><strong>Umjetnost u \u0161koli<\/strong><\/td>\n<td><span style=\"color: #0000ff;\"><strong>Art in school<\/strong><\/span><\/td>\n<\/tr>\n<tr>\n<td>\n<ul>\n<li>Jesu li glazbena i likovna umjetnost dovoljne u nastavi?<\/li>\n<li>Treba li umjetnost u nastavi smanjiti ili pove\u0107ati?<\/li>\n<li>Utjecaj nastave umjetnosti na kvalitetu stavova i razmi\u0161ljanja mladih<\/li>\n<li>Razvoj sposobnosti i vje\u0161tina mladih motiviran muzikom, knji\u017eevno\u0161\u0107u, vizualnim i drugim umjetnostima<\/li>\n<li>Uporaba ste\u010denih umjetni\u010dkih sposobnosti u drugim \u0161kolskim predmetima i ja\u010danje tih korelacijskih veza<\/li>\n<li>Kvaliteta aktivnih mladih umjetnika<\/li>\n<\/ul>\n<\/td>\n<td>\n<ul>\n<li><span style=\"color: #0000ff;\">Are music and visual art sufficient arts in school?<\/span><\/li>\n<li><span style=\"color: #0000ff;\"> Should arts in schools be increased or decreased?<\/span><\/li>\n<li><span style=\"color: #0000ff;\"> The influence of artistic education on the quality of young people&#8217;s attitudes and opinions<\/span><\/li>\n<li><span style=\"color: #0000ff;\"> The development of young people&#8217;s skills and abilities motivated by music, literature, visual and other arts<\/span><\/li>\n<li><span style=\"color: #0000ff;\"> The use of acquired artistic abilities in other domains (school subjects) and strengthening these correlation relationships<\/span><\/li>\n<li><span style=\"color: #0000ff;\"> The quality of young people actively doing arts<\/span><\/li>\n<\/ul>\n<\/td>\n<\/tr>\n<tr>\n<td><strong>Mogu\u0107nosti interakcije s autorom u moderno vrijeme<\/strong><\/td>\n<td><span style=\"color: #0000ff;\"><strong>Possibilities of interaction with the author in modern times<\/strong><\/span><\/td>\n<\/tr>\n<tr>\n<td>\n<ul>\n<li>Autorski blogovi<\/li>\n<li>Komentari autorima<\/li>\n<li>Utjecaj na nastavak popularnih serijala<\/li>\n<\/ul>\n<\/td>\n<td>\n<ul>\n<li><span style=\"color: #0000ff;\">Author&#8217;s blogs<\/span><\/li>\n<li><span style=\"color: #0000ff;\"> Comments to authors<\/span><\/li>\n<li><span style=\"color: #0000ff;\"> Impact on the continuation of popular serials<\/span><\/li>\n<\/ul>\n<\/td>\n<\/tr>\n<tr>\n<td><strong>Autorska prava<\/strong><\/td>\n<td><span style=\"color: #0000ff;\"><strong>Copyright<\/strong><\/span><\/td>\n<\/tr>\n<tr>\n<td>\n<ul>\n<li>Umjetni\u010dka djela na internetu, glazba u formatu mp3, slike i fotografije, filmovi i knjige<\/li>\n<li>Upotreba torrenta<\/li>\n<li>Plagijati u umjetnosti<\/li>\n<\/ul>\n<\/td>\n<td>\n<ul>\n<li><span style=\"color: #0000ff;\">Artworks on the Internet, music in mp3 format, pictures and photos, movies and books<\/span><\/li>\n<li><span style=\"color: #0000ff;\"> Use of torrents<\/span><\/li>\n<li><span style=\"color: #0000ff;\"> Plagiarism in art<\/span><\/li>\n<\/ul>\n<\/td>\n<\/tr>\n<\/tbody>\n<\/table>\n<p>&nbsp;<\/p>\n<h2 style=\"text-align: center;\"><strong>TOPIC 5<\/strong><\/h2>\n<p>&nbsp;<\/p>\n<table width=\"100%\">\n<tbody>\n<tr>\n<td style=\"text-align: center;\">\n<h3>PREHRANA<\/h3>\n<\/td>\n<td style=\"text-align: center;\">\n<h3><span style=\"color: #0000ff;\">NUTRITION<\/span><\/h3>\n<\/td>\n<\/tr>\n<tr>\n<td>Uz UN-ovo Desetlje\u0107e akcije za prehranu (2016.-2025.)<\/td>\n<td><span style=\"color: #0000ff;\">Related to United Nations Decade of Action on Nutrition (2016-2025)<\/span><\/td>\n<\/tr>\n<tr>\n<td><strong>Proizvodnja hrane<\/strong><\/td>\n<td><span style=\"color: #0000ff;\"><strong>Food production<\/strong><\/span><\/td>\n<\/tr>\n<tr>\n<td>\n<ul>\n<li>Povijest hrane i budu\u0107nost<\/li>\n<li>Proizvodnja hrane (eko i druga)<\/li>\n<li>Industrijski uzgoj \u017eivotinja<\/li>\n<li>GMO<\/li>\n<li>Kampanje \u201ekupujte doma\u0107e\u201c \u2013 protekcionizam ili dopustive tr\u017ei\u0161ne aktivnosti?<\/li>\n<li>Poticanje lokalnih proizvo\u0111a\u010da<\/li>\n<li>Kvote proizvodnje hrane<\/li>\n<\/ul>\n<\/td>\n<td>\n<ul>\n<li><span style=\"color: #0000ff;\">History and future of food<\/span><\/li>\n<li><span style=\"color: #0000ff;\"> Food production (eco, organic and other)<\/span><\/li>\n<li><span style=\"color: #0000ff;\"> Industrial animal breeding<\/span><\/li>\n<li><span style=\"color: #0000ff;\"> GMO<\/span><\/li>\n<li><span style=\"color: #0000ff;\">&#8220;Buy national\u201c campaigns \u2013 protectionism or allowable practice?<\/span><\/li>\n<li><span style=\"color: #0000ff;\"> Stimulating local producers<\/span><\/li>\n<li><span style=\"color: #0000ff;\"> Food production quotas<\/span><\/li>\n<\/ul>\n<\/td>\n<\/tr>\n<tr>\n<td><strong>Alternativni na\u010dini prehrane<\/strong><\/td>\n<td><span style=\"color: #0000ff;\"><strong>Alternative diets<\/strong><\/span><\/td>\n<\/tr>\n<tr>\n<td>\n<ul>\n<li>Pravilna prehrana<\/li>\n<li>Umjetno meso \u2013 umjetna hrana<\/li>\n<li>Neobi\u010dna hrana (kukci i sli\u010dno)<\/li>\n<li>Vegani i vegetarijanci<\/li>\n<li>\u0160to i kako jedu astronauti<\/li>\n<\/ul>\n<\/td>\n<td>\n<ul>\n<li><span style=\"color: #0000ff;\">Proper diet<\/span><\/li>\n<li><span style=\"color: #0000ff;\"> Artificial meat &#8211; artificial food<\/span><\/li>\n<li><span style=\"color: #0000ff;\"> Unusual foods (insects and the like)<\/span><\/li>\n<li><span style=\"color: #0000ff;\"> Vegans and vegetarians<\/span><\/li>\n<li><span style=\"color: #0000ff;\"> What and how do astronauts eat<\/span><\/li>\n<\/ul>\n<\/td>\n<\/tr>\n<tr>\n<td><strong>Hrana kao dru\u0161tveni fenomen<\/strong><\/td>\n<td><span style=\"color: #0000ff;\"><strong>Food as a social phenomenon<\/strong><\/span><\/td>\n<\/tr>\n<tr>\n<td>\n<ul>\n<li>Popularnost kulinarskih showova<\/li>\n<li>\u201eNostalgi\u010dna&#8221; hrana (Comfort food)<\/li>\n<li>Hrana u knji\u017eevnosti, likovnoj umjetnosti (mrtva priroda), na filmu<\/li>\n<li>Hrana kao obiteljska ceremonija<\/li>\n<li>Bacanje hrane (ga\u0111anje hranom, bacanje jaja, povr\u0107a, bra\u0161na ili ri\u017ee)<\/li>\n<\/ul>\n<\/td>\n<td>\n<ul>\n<li><span style=\"color: #0000ff;\">Popularity of culinary shows<\/span><\/li>\n<li><span style=\"color: #0000ff;\"> Comfort food<\/span><\/li>\n<li><span style=\"color: #0000ff;\"> Food in literature, visual arts (still life), on film<\/span><\/li>\n<li><span style=\"color: #0000ff;\"> Food as part of family ceremonies<\/span><\/li>\n<li><span style=\"color: #0000ff;\"> Throwing away food (food fights, eggs, vegetable, flour and rice throwing)<\/span><\/li>\n<\/ul>\n<\/td>\n<\/tr>\n<tr>\n<td><strong>Problemi<\/strong><\/td>\n<td><span style=\"color: #0000ff;\"><strong>Problems<\/strong><\/span><\/td>\n<\/tr>\n<tr>\n<td>\n<ul>\n<li>Pitanje gladi i nepravilne prehrane u svijetu<\/li>\n<li>Nejednaka raspodjela proizvodnje hrane u svijetu<\/li>\n<li>Bacanje hrane (otpad, rasipanje)<\/li>\n<li>Poreme\u0107aji u prehrani: ortoreksija \u2013 bulimija &#8211; anoreksija itd.<\/li>\n<\/ul>\n<\/td>\n<td>\n<ul>\n<li><span style=\"color: #0000ff;\">Hunger and improper diet in the world<\/span><\/li>\n<li><span style=\"color: #0000ff;\"> Uneven distribution of food production in the world<\/span><\/li>\n<li><span style=\"color: #0000ff;\"> Waste food<\/span><\/li>\n<li><span style=\"color: #0000ff;\"> Dietary disorders: Orthorexia &#8211; Bulimia &#8211; Anorexia etc.<\/span><\/li>\n<\/ul>\n<\/td>\n<\/tr>\n<\/tbody>\n<\/table>\n<p>&nbsp;<\/p>\n<p><iframe loading=\"lazy\" src=\"https:\/\/docs.google.com\/forms\/d\/e\/1FAIpQLScsSW6fZrp_rM-P-LL_TshPlaziNTw0rdLnLrJE2rODiMcvsQ\/viewform?embedded=true\" width=\"600\" height=\"920\" frameborder=\"0\" marginwidth=\"0\" marginheight=\"0\">Loading&#8230;<\/iframe><\/p>\n","protected":false},"excerpt":{"rendered":"<p>Profesori Privatne umjetni\u010dke gimnazije zapo\u010deli su s organizacijom drugoga festivala English All Around&#8230;<\/p>\n","protected":false},"author":1,"featured_media":0,"parent":0,"menu_order":0,"comment_status":"closed","ping_status":"closed","template":"","meta":{"ngg_post_thumbnail":0,"jetpack_post_was_ever_published":false,"footnotes":""},"class_list":["post-6352","page","type-page","status-publish","hentry"],"jetpack_sharing_enabled":true,"jetpack_shortlink":"https:\/\/wp.me\/P2cktY-1Es","_links":{"self":[{"href":"https:\/\/pug.hr\/gimnazija\/wp-json\/wp\/v2\/pages\/6352","targetHints":{"allow":["GET"]}}],"collection":[{"href":"https:\/\/pug.hr\/gimnazija\/wp-json\/wp\/v2\/pages"}],"about":[{"href":"https:\/\/pug.hr\/gimnazija\/wp-json\/wp\/v2\/types\/page"}],"author":[{"embeddable":true,"href":"https:\/\/pug.hr\/gimnazija\/wp-json\/wp\/v2\/users\/1"}],"replies":[{"embeddable":true,"href":"https:\/\/pug.hr\/gimnazija\/wp-json\/wp\/v2\/comments?post=6352"}],"version-history":[{"count":6,"href":"https:\/\/pug.hr\/gimnazija\/wp-json\/wp\/v2\/pages\/6352\/revisions"}],"predecessor-version":[{"id":6382,"href":"https:\/\/pug.hr\/gimnazija\/wp-json\/wp\/v2\/pages\/6352\/revisions\/6382"}],"wp:attachment":[{"href":"https:\/\/pug.hr\/gimnazija\/wp-json\/wp\/v2\/media?parent=6352"}],"curies":[{"name":"wp","href":"https:\/\/api.w.org\/{rel}","templated":true}]}}