{"id":5840,"date":"2017-02-28T07:46:27","date_gmt":"2017-02-28T06:46:27","guid":{"rendered":"http:\/\/www.pug.hr\/gimnazija\/?page_id=5840"},"modified":"2017-02-28T20:21:56","modified_gmt":"2017-02-28T19:21:56","slug":"izazov-price-osnovne-skole","status":"publish","type":"page","link":"https:\/\/pug.hr\/gimnazija\/english-all-around-2017\/and-now-vote\/izazov-price-osnovne-skole\/","title":{"rendered":"Izazov pri\u010de &#8211; osnovne \u0161kole"},"content":{"rendered":"<p>[ws_table id=&#8221;76&#8243;]<\/p>\n<p>&nbsp;<\/p>\n<p><a href=\"http:\/\/www.pug.hr\/gimnazija\/wp-content\/uploads\/2017\/02\/Prica.png\" rel=\"attachment wp-att-5828\"><img loading=\"lazy\" decoding=\"async\" class=\"aligncenter wp-image-5828\" src=\"http:\/\/www.pug.hr\/gimnazija\/wp-content\/uploads\/2017\/02\/Prica.png\" alt=\"Prica\" width=\"300\" height=\"207\" srcset=\"https:\/\/pug.hr\/gimnazija\/wp-content\/uploads\/2017\/02\/Prica.png 994w, https:\/\/pug.hr\/gimnazija\/wp-content\/uploads\/2017\/02\/Prica-300x207.png 300w, https:\/\/pug.hr\/gimnazija\/wp-content\/uploads\/2017\/02\/Prica-768x530.png 768w\" sizes=\"auto, (max-width: 300px) 100vw, 300px\" \/><\/a><\/p>\n<p>&nbsp;<\/p>\n<p style=\"text-align: justify;\">Na ovoj stranici mo\u017eete odabrati najbolji uradak pristigao na Izazov pri\u0107e\u00a0u\u010denika <strong>OSNOVNIH\u00a0<\/strong><strong>\u0160KOLA. <\/strong>Klikom na link, otvorit \u0107e se novi prozor u kojem \u0107ete mo\u0107i pro\u010ditati svaku pojedinu pri\u010du.<\/p>\n<p style=\"text-align: justify;\"><span style=\"color: #ff0000;\"><strong>Oprez, sustav koristi kola\u010di\u0107e (cookies) i bilje\u017ei IP adrese\u00a0pa se u svakom izazovu mo\u017ee odabrati samo jedan rad tijekom cijelog trajanja natjecanja &#8211; nije dakle mogu\u0107e da jedan posjetitelj glasa vi\u0161e puta ili da vi\u0161e osoba glasa s istoga ra\u010dunala.<\/strong><\/span><\/p>\n<p><script type=\"text\/javascript\" charset=\"utf-8\" src=\"http:\/\/static.polldaddy.com\/p\/9676733.js\"><\/script><br \/>\n<noscript><a href=\"http:\/\/polldaddy.com\/poll\/9676733\/\">Odaberite najbolji literarni rad u\u010denika osnovnih \u0161kola<\/a><\/noscript><\/p>\n<p><strong>PRONA\u0110ITE NAS NA FACEBOOKU:<\/strong><br \/>\n<a href=\"https:\/\/www.facebook.com\/englishallaround.pug\/\" target=\"_blank\" rel=\"attachment wp-att-5792\"><img loading=\"lazy\" decoding=\"async\" class=\"aligncenter wp-image-5792\" src=\"http:\/\/www.pug.hr\/gimnazija\/wp-content\/uploads\/2017\/02\/Facebook-EAA.png\" alt=\"Facebook EAA\" width=\"600\" height=\"189\" srcset=\"https:\/\/pug.hr\/gimnazija\/wp-content\/uploads\/2017\/02\/Facebook-EAA.png 959w, https:\/\/pug.hr\/gimnazija\/wp-content\/uploads\/2017\/02\/Facebook-EAA-300x94.png 300w, https:\/\/pug.hr\/gimnazija\/wp-content\/uploads\/2017\/02\/Facebook-EAA-768x242.png 768w\" sizes=\"auto, (max-width: 600px) 100vw, 600px\" \/><\/a><\/p>\n<p>[ws_table id=&#8221;76&#8243;]<\/p>\n","protected":false},"excerpt":{"rendered":"<p>[ws_table id=&#8221;76&#8243;] &nbsp; &nbsp; Na ovoj stranici mo\u017eete odabrati najbolji uradak pristigao na&#8230;<\/p>\n","protected":false},"author":1,"featured_media":0,"parent":5775,"menu_order":0,"comment_status":"closed","ping_status":"closed","template":"","meta":{"ngg_post_thumbnail":0,"jetpack_post_was_ever_published":false,"footnotes":""},"class_list":["post-5840","page","type-page","status-publish","hentry"],"jetpack_sharing_enabled":true,"jetpack_shortlink":"https:\/\/wp.me\/P2cktY-1wc","_links":{"self":[{"href":"https:\/\/pug.hr\/gimnazija\/wp-json\/wp\/v2\/pages\/5840","targetHints":{"allow":["GET"]}}],"collection":[{"href":"https:\/\/pug.hr\/gimnazija\/wp-json\/wp\/v2\/pages"}],"about":[{"href":"https:\/\/pug.hr\/gimnazija\/wp-json\/wp\/v2\/types\/page"}],"author":[{"embeddable":true,"href":"https:\/\/pug.hr\/gimnazija\/wp-json\/wp\/v2\/users\/1"}],"replies":[{"embeddable":true,"href":"https:\/\/pug.hr\/gimnazija\/wp-json\/wp\/v2\/comments?post=5840"}],"version-history":[{"count":5,"href":"https:\/\/pug.hr\/gimnazija\/wp-json\/wp\/v2\/pages\/5840\/revisions"}],"predecessor-version":[{"id":5935,"href":"https:\/\/pug.hr\/gimnazija\/wp-json\/wp\/v2\/pages\/5840\/revisions\/5935"}],"up":[{"embeddable":true,"href":"https:\/\/pug.hr\/gimnazija\/wp-json\/wp\/v2\/pages\/5775"}],"wp:attachment":[{"href":"https:\/\/pug.hr\/gimnazija\/wp-json\/wp\/v2\/media?parent=5840"}],"curies":[{"name":"wp","href":"https:\/\/api.w.org\/{rel}","templated":true}]}}