{"id":5838,"date":"2017-02-28T07:43:52","date_gmt":"2017-02-28T06:43:52","guid":{"rendered":"http:\/\/www.pug.hr\/gimnazija\/?page_id=5838"},"modified":"2017-03-25T17:55:07","modified_gmt":"2017-03-25T16:55:07","slug":"glazbeni-izazov","status":"publish","type":"page","link":"https:\/\/pug.hr\/gimnazija\/english-all-around-2017\/and-now-vote\/glazbeni-izazov\/","title":{"rendered":"Glazbeni izazov"},"content":{"rendered":"<p>[ws_table id=&#8221;76&#8243;]<\/p>\n<p><a href=\"http:\/\/www.pug.hr\/gimnazija\/wp-content\/uploads\/2017\/02\/Glazba.png\" rel=\"attachment wp-att-5829\"><img loading=\"lazy\" decoding=\"async\" class=\"aligncenter wp-image-5829\" src=\"http:\/\/www.pug.hr\/gimnazija\/wp-content\/uploads\/2017\/02\/Glazba.png\" alt=\"Glazba\" width=\"600\" height=\"327\" srcset=\"https:\/\/pug.hr\/gimnazija\/wp-content\/uploads\/2017\/02\/Glazba.png 1252w, https:\/\/pug.hr\/gimnazija\/wp-content\/uploads\/2017\/02\/Glazba-300x164.png 300w, https:\/\/pug.hr\/gimnazija\/wp-content\/uploads\/2017\/02\/Glazba-768x419.png 768w, https:\/\/pug.hr\/gimnazija\/wp-content\/uploads\/2017\/02\/Glazba-1024x559.png 1024w\" sizes=\"auto, (max-width: 600px) 100vw, 600px\" \/><\/a><\/p>\n<p>&nbsp;<\/p>\n<p style=\"text-align: justify;\">Na ovoj stranici mo\u017eete pogledati uratke koji su pristigli kao odgovor na Glazbeni\u00a0izazov u\u010denika i osnovnih i srednjih \u0161kola<strong>.<\/strong><\/p>\n<p style=\"text-align: justify;\">Posjetitelji ove stranice mogli su odabrati najuspje\u0161niji uradak po vlastitom izboru, a taj rezultat mo\u017eete vidjeti na dnu stranice.<\/p>\n<p>Primary Schools \u2013 Osnovne \u0161kole<\/p>\n<p>O\u0160 Antuna Mihanovi\u0107a, Osijek<\/p>\n<p><iframe loading=\"lazy\" width=\"560\" height=\"315\" src=\"https:\/\/www.youtube.com\/embed\/21nExBXF9_M?list=PLGExtNPsms0n8U4pZEMujqohwHGe8SmOF\" frameborder=\"0\" allowfullscreen><\/iframe><\/p>\n<p>O\u0160 Kneginec Gornji, Tur\u010din<\/p>\n<p><iframe loading=\"lazy\" width=\"560\" height=\"315\" src=\"https:\/\/www.youtube.com\/embed\/BLwt3yO_wmo?list=PLGExtNPsms0n8U4pZEMujqohwHGe8SmOF\" frameborder=\"0\" allowfullscreen><\/iframe><\/p>\n<p>Secondary Schools \u2013 Srednje \u0161kole<\/p>\n<p>II. gimnazija, Osijek<\/p>\n<p><iframe loading=\"lazy\" width=\"560\" height=\"315\" src=\"https:\/\/www.youtube.com\/embed\/MRiPaDhnVgU?list=PLGExtNPsms0n8U4pZEMujqohwHGe8SmOF\" frameborder=\"0\" allowfullscreen><\/iframe><\/p>\n<p>Srednja \u0161kola Bedekov\u010dina, Bedekov\u010dina<\/p>\n<p><iframe loading=\"lazy\" width=\"560\" height=\"315\" src=\"https:\/\/www.youtube.com\/embed\/4TgigkOb10I?list=PLGExtNPsms0n8U4pZEMujqohwHGe8SmOF\" frameborder=\"0\" allowfullscreen><\/iframe><\/p>\n<p>Srednja \u0161kola Metkovi\u0107, Metkovi\u0107<\/p>\n<p><iframe loading=\"lazy\" width=\"560\" height=\"315\" src=\"https:\/\/www.youtube.com\/embed\/jL_WlSNh5yo?list=PLGExtNPsms0n8U4pZEMujqohwHGe8SmOF\" frameborder=\"0\" allowfullscreen><\/iframe><\/p>\n<p>X. gimnazija \u201eIvan Supek\u201d , Zagreb<\/p>\n<p><iframe loading=\"lazy\" width=\"560\" height=\"315\" src=\"https:\/\/www.youtube.com\/embed\/1_2NEcLYMso?list=PLGExtNPsms0n8U4pZEMujqohwHGe8SmOF\" frameborder=\"0\" allowfullscreen><\/iframe><\/p>\n<p style=\"text-align: justify;\">\n<p><script src=\"http:\/\/static.polldaddy.com\/p\/9677055.js\" type=\"text\/javascript\" charset=\"utf-8\"><\/script><br \/>\n<noscript><a href=\"http:\/\/polldaddy.com\/poll\/9677055\/\">Odaberite najbolji glazbeni uradak<\/a><\/noscript><\/p>\n<p>&nbsp;<\/p>\n<p>&nbsp;<\/p>\n<p><strong>PRONA\u0110ITE NAS NA FACEBOOKU:<\/strong><br \/>\n<a href=\"https:\/\/www.facebook.com\/englishallaround.pug\/\" target=\"_blank\" rel=\"attachment wp-att-5792\"><img loading=\"lazy\" decoding=\"async\" class=\"aligncenter wp-image-5792\" src=\"http:\/\/www.pug.hr\/gimnazija\/wp-content\/uploads\/2017\/02\/Facebook-EAA.png\" alt=\"Facebook EAA\" width=\"600\" height=\"189\" srcset=\"https:\/\/pug.hr\/gimnazija\/wp-content\/uploads\/2017\/02\/Facebook-EAA.png 959w, https:\/\/pug.hr\/gimnazija\/wp-content\/uploads\/2017\/02\/Facebook-EAA-300x94.png 300w, https:\/\/pug.hr\/gimnazija\/wp-content\/uploads\/2017\/02\/Facebook-EAA-768x242.png 768w\" sizes=\"auto, (max-width: 600px) 100vw, 600px\" \/><\/a><\/p>\n<p>[ws_table id=&#8221;76&#8243;]<\/p>\n","protected":false},"excerpt":{"rendered":"<p>[ws_table id=&#8221;76&#8243;] &nbsp; Na ovoj stranici mo\u017eete pogledati uratke koji su pristigli kao&#8230;<\/p>\n","protected":false},"author":1,"featured_media":0,"parent":5775,"menu_order":0,"comment_status":"closed","ping_status":"closed","template":"","meta":{"ngg_post_thumbnail":0,"jetpack_post_was_ever_published":false,"footnotes":""},"class_list":["post-5838","page","type-page","status-publish","hentry"],"jetpack_sharing_enabled":true,"jetpack_shortlink":"https:\/\/wp.me\/P2cktY-1wa","_links":{"self":[{"href":"https:\/\/pug.hr\/gimnazija\/wp-json\/wp\/v2\/pages\/5838","targetHints":{"allow":["GET"]}}],"collection":[{"href":"https:\/\/pug.hr\/gimnazija\/wp-json\/wp\/v2\/pages"}],"about":[{"href":"https:\/\/pug.hr\/gimnazija\/wp-json\/wp\/v2\/types\/page"}],"author":[{"embeddable":true,"href":"https:\/\/pug.hr\/gimnazija\/wp-json\/wp\/v2\/users\/1"}],"replies":[{"embeddable":true,"href":"https:\/\/pug.hr\/gimnazija\/wp-json\/wp\/v2\/comments?post=5838"}],"version-history":[{"count":5,"href":"https:\/\/pug.hr\/gimnazija\/wp-json\/wp\/v2\/pages\/5838\/revisions"}],"predecessor-version":[{"id":6168,"href":"https:\/\/pug.hr\/gimnazija\/wp-json\/wp\/v2\/pages\/5838\/revisions\/6168"}],"up":[{"embeddable":true,"href":"https:\/\/pug.hr\/gimnazija\/wp-json\/wp\/v2\/pages\/5775"}],"wp:attachment":[{"href":"https:\/\/pug.hr\/gimnazija\/wp-json\/wp\/v2\/media?parent=5838"}],"curies":[{"name":"wp","href":"https:\/\/api.w.org\/{rel}","templated":true}]}}