{"id":49,"date":"2012-02-08T07:11:13","date_gmt":"2012-02-08T07:11:13","guid":{"rendered":"http:\/\/www.pug.hr\/gimnazija\/?page_id=49"},"modified":"2012-03-10T12:29:42","modified_gmt":"2012-03-10T11:29:42","slug":"putovanja","status":"publish","type":"page","link":"https:\/\/pug.hr\/gimnazija\/nastava\/putovanja\/","title":{"rendered":"Stru\u010dna putovanja"},"content":{"rendered":"<p style=\"text-align: justify;\">Stru\u010dna putovanja posebnost potvr\u0111uju odabranim sadr\u017eajima i visokom razinom u\u010deni\u010dkog interesa.<\/p>\n<p style=\"text-align: justify;\">Pripreme po\u010dinju u\u010deni\u010dkim anketama o izboru putovanja, nastavljaju se izborom i istra\u017eivanjem projekata, izradom mogu\u0107ih scenarija za filmsku prezentaciju putovanja itd.<\/p>\n<p style=\"text-align: justify;\">Projekti stru\u010dnih putovanja obuhva\u0107aju razli\u010dita obrazovna podru\u010dja, umjetni\u010dka, znanstvena i gospodarstvena, \u010dije rezultate autori &#8211; u\u010denici prezentiraju i u \u0161koli, prije puta i na odabranim lokalitetima.<\/p>\n<p style=\"text-align: justify;\">Tijekom putovanja, u\u010denici dopunjuju svoja vi\u0111enja i interpretacije, ali stvaraju i rje\u0161enja za nove projekte, a usputna zapa\u017eanja bilje\u017ee svojim \u201efotka\u0107ima\u201c, kamerama i crte\u017eima.<\/p>\n<p style=\"text-align: justify;\">Nakon povratka s putovanja slijedi sabiranje dojmova i prikupljenih rezultata, njihova analiza i odabir najuspje\u0161nijih radova koje predstavljamo na razli\u010ditim doga\u0111anjima u \u0161koli.<\/p>\n<p style=\"text-align: justify;\">U\u010denici, od prvih zamisli do zavr\u0161nih radova, potvr\u0111uju \u0161irok raspon sposobnosti, sna\u017ean intezitet kreativnog djelovanja i me\u0111usobnu povezanost \u00a0\u00a0radom u paru, grupi ili timu.<\/p>\n","protected":false},"excerpt":{"rendered":"<p>Stru\u010dna putovanja posebnost potvr\u0111uju odabranim sadr\u017eajima i visokom razinom u\u010deni\u010dkog interesa. Pripreme po\u010dinju&#8230;<\/p>\n","protected":false},"author":1,"featured_media":0,"parent":6,"menu_order":0,"comment_status":"open","ping_status":"open","template":"","meta":{"ngg_post_thumbnail":0,"jetpack_post_was_ever_published":false,"footnotes":""},"class_list":["post-49","page","type-page","status-publish","hentry"],"jetpack_sharing_enabled":true,"jetpack_shortlink":"https:\/\/wp.me\/P2cktY-N","_links":{"self":[{"href":"https:\/\/pug.hr\/gimnazija\/wp-json\/wp\/v2\/pages\/49","targetHints":{"allow":["GET"]}}],"collection":[{"href":"https:\/\/pug.hr\/gimnazija\/wp-json\/wp\/v2\/pages"}],"about":[{"href":"https:\/\/pug.hr\/gimnazija\/wp-json\/wp\/v2\/types\/page"}],"author":[{"embeddable":true,"href":"https:\/\/pug.hr\/gimnazija\/wp-json\/wp\/v2\/users\/1"}],"replies":[{"embeddable":true,"href":"https:\/\/pug.hr\/gimnazija\/wp-json\/wp\/v2\/comments?post=49"}],"version-history":[{"count":8,"href":"https:\/\/pug.hr\/gimnazija\/wp-json\/wp\/v2\/pages\/49\/revisions"}],"predecessor-version":[{"id":699,"href":"https:\/\/pug.hr\/gimnazija\/wp-json\/wp\/v2\/pages\/49\/revisions\/699"}],"up":[{"embeddable":true,"href":"https:\/\/pug.hr\/gimnazija\/wp-json\/wp\/v2\/pages\/6"}],"wp:attachment":[{"href":"https:\/\/pug.hr\/gimnazija\/wp-json\/wp\/v2\/media?parent=49"}],"curies":[{"name":"wp","href":"https:\/\/api.w.org\/{rel}","templated":true}]}}