{"id":34,"date":"2012-02-08T07:02:54","date_gmt":"2012-02-08T07:02:54","guid":{"rendered":"http:\/\/www.pug.hr\/gimnazija\/?page_id=34"},"modified":"2012-03-10T12:16:06","modified_gmt":"2012-03-10T11:16:06","slug":"lokacija","status":"publish","type":"page","link":"https:\/\/pug.hr\/gimnazija\/o-gimnaziji\/lokacija\/","title":{"rendered":"Lokacija"},"content":{"rendered":"<p>Privatna umjetni\u010dka gimnazija djeluje u Gunduli\u0107evoj 55 &#8211; u srcu Lenucijeve potkove.<\/p>\n<p>Na\u0161i u\u010denici korakom posje\u0107uju najzna\u010dajnije kulturne institucije u gradu.<\/p>\n<p style=\"text-align: center;\"><img loading=\"lazy\" decoding=\"async\" class=\"aligncenter  wp-image-679\" title=\"Karta2\" src=\"https:\/\/pug.hr\/gimnazija\/wp-content\/uploads\/2012\/02\/Karta21.jpg\" alt=\"\" width=\"625\" height=\"673\" srcset=\"https:\/\/pug.hr\/gimnazija\/wp-content\/uploads\/2012\/02\/Karta21.jpg 804w, https:\/\/pug.hr\/gimnazija\/wp-content\/uploads\/2012\/02\/Karta21-278x300.jpg 278w\" sizes=\"auto, (max-width: 625px) 100vw, 625px\" \/><\/p>\n<p style=\"text-align: justify;\"><span style=\"color: #ff0000;\"><strong>1<\/strong><\/span> &#8211; <a href=\"http:\/\/info.hazu.hr\/\" target=\"_blank\">Hrvatska akademija znanosti i umjetnosti (HAZU)<\/a> &#8211; <span style=\"color: #ff0000;\"><strong>2<\/strong><\/span>\u00a0&#8211; <a href=\"http:\/\/www.umjetnicki-paviljon.hr\/\" target=\"_blank\">Umjetni\u010dki paviljon<\/a> &#8211; <span style=\"color: #ff0000;\"><strong>3<\/strong><\/span> &#8211; <a href=\"http:\/\/www.amz.hr\/\" target=\"_blank\">Arheolo\u0161ki muzej<\/a> &#8211; <span style=\"color: #ff0000;\"><strong>4<\/strong><\/span> &#8211; Trg bana Josipa Jela\u010di\u0107a &#8211; <span style=\"color: #ff0000;\"><strong>5<\/strong><\/span>&#8211; Gornji grad (<a href=\"http:\/\/www.mgz.hr\/\" target=\"_blank\">Muzej grada Zagreba<\/a>, <a href=\"http:\/\/www.hpm.hr\/\" target=\"_blank\">Hrvatski prirodoslovni muzej<\/a>, <a href=\"http:\/\/www.galerijaklovic.hr\/\" target=\"_blank\">Galerija Klovi\u0107evi dvori<\/a>, Markov trg, <a href=\"http:\/\/www.zagreb.hr\/default.aspx?id=833\" target=\"_blank\">Gradski zavod za za\u0161titu spomenika kulture i prirode<\/a>, <a href=\"http:\/\/www.stin.hr\/\" target=\"_blank\">Staroslavenski institut<\/a>) &#8211; <span style=\"color: #ff0000;\"><strong>6<\/strong><\/span>&#8211; Cvjetni trg &#8211; <span style=\"color: #ff0000;\"><strong>7<\/strong><\/span> &#8211; <a href=\"http:\/\/www.zkl.hr\/\" target=\"_blank\">Zagreba\u010dko kazali\u0161te lutaka<\/a>\u00a0&#8211; <span style=\"color: #ff0000;\"><strong>8<\/strong><\/span> &#8211; <a href=\"http:\/\/www.hnk.hr\/\" target=\"_blank\">Hrvatsko narodno kazali\u0161te<\/a> &#8211;<span style=\"color: #ff0000;\"><strong>9<\/strong><\/span> &#8211; Hrvatska dramska akademija &#8211; <span style=\"color: #ff0000;\"><strong>10<\/strong><\/span> &#8211; <a href=\"http:\/\/www.arhiv.hr\/arhiv2\/index.htm\" target=\"_blank\">Hrvatski dr\u017eavni arhiv<\/a> &#8211; <span style=\"color: #ff0000;\"><strong>11<\/strong><\/span> &#8211; <a href=\"http:\/\/hirc.botanic.hr\/vrt\/hrv\/naslovna%20strana.htm\" target=\"_blank\">Botani\u010dki vrt<\/a> &#8211; <span style=\"color: #ff0000;\"><strong>12<\/strong><\/span> &#8211; <a href=\"http:\/\/www.muo.hr\/\" target=\"_blank\">Muzej za umjetnost i obrt<\/a> &#8211; <span style=\"color: #ff0000;\"><strong>13<\/strong><\/span> &#8211; <a href=\"http:\/\/www.emz.hr\/emz-hr.html\" target=\"_blank\">Etnografski muzej<\/a> &#8211; <span style=\"color: #ff0000;\"><strong>14<\/strong><\/span> &#8211; <a href=\"http:\/\/hvm.mdc.hr\/javna-ustanova-zbirka-umjetnina-ante-i-wiltrud-topic-mimara---muzej-mimara,520%3AZAG-2\/hr\/info\/\" target=\"_blank\">Muzej Mimara<\/a> &#8211; <span style=\"color: #ff0000;\"><strong>15<\/strong><\/span> &#8211;\u00a0<a href=\"http:\/\/www.hgz.hr\/\" target=\"_blank\">Hrvatski glazbeni zavod<\/a><\/p>\n<p><strong><br \/>\n<\/strong><\/p>\n<p style=\"text-align: justify;\">Ako vam je dra\u017ei Google maps na ovoj smo karti ozna\u010dili lokaciju na\u0161ih razreda i na\u0161eg sjedi\u0161ta. Ovdje mo\u017eete vidjeti kako \u0161kola izgleda iz zraka!<\/p>\n<p><a href=\"http:\/\/maps.google.com\/maps\/ms?msid=210280756404429486852.0004b9f600a5ae915ccca&amp;msa=0&amp;ll=45.807923,15.975409&amp;spn=0.010186,0.026157\"><img loading=\"lazy\" decoding=\"async\" class=\"aligncenter size-medium wp-image-444\" title=\"Gmap\" src=\"https:\/\/pug.hr\/gimnazija\/wp-content\/uploads\/2012\/02\/Gmap-300x246.jpg\" alt=\"\" width=\"300\" height=\"246\" srcset=\"https:\/\/pug.hr\/gimnazija\/wp-content\/uploads\/2012\/02\/Gmap-300x246.jpg 300w, https:\/\/pug.hr\/gimnazija\/wp-content\/uploads\/2012\/02\/Gmap.jpg 683w\" sizes=\"auto, (max-width: 300px) 100vw, 300px\" \/><\/a><\/p>\n<p>&nbsp;<\/p>\n<p>&nbsp;<\/p>\n","protected":false},"excerpt":{"rendered":"<p>Privatna umjetni\u010dka gimnazija djeluje u Gunduli\u0107evoj 55 &#8211; u srcu Lenucijeve potkove. Na\u0161i&#8230;<\/p>\n","protected":false},"author":1,"featured_media":0,"parent":4,"menu_order":0,"comment_status":"open","ping_status":"open","template":"","meta":{"ngg_post_thumbnail":0,"jetpack_post_was_ever_published":false,"footnotes":""},"class_list":["post-34","page","type-page","status-publish","hentry"],"jetpack_sharing_enabled":true,"jetpack_shortlink":"https:\/\/wp.me\/P2cktY-y","_links":{"self":[{"href":"https:\/\/pug.hr\/gimnazija\/wp-json\/wp\/v2\/pages\/34","targetHints":{"allow":["GET"]}}],"collection":[{"href":"https:\/\/pug.hr\/gimnazija\/wp-json\/wp\/v2\/pages"}],"about":[{"href":"https:\/\/pug.hr\/gimnazija\/wp-json\/wp\/v2\/types\/page"}],"author":[{"embeddable":true,"href":"https:\/\/pug.hr\/gimnazija\/wp-json\/wp\/v2\/users\/1"}],"replies":[{"embeddable":true,"href":"https:\/\/pug.hr\/gimnazija\/wp-json\/wp\/v2\/comments?post=34"}],"version-history":[{"count":20,"href":"https:\/\/pug.hr\/gimnazija\/wp-json\/wp\/v2\/pages\/34\/revisions"}],"predecessor-version":[{"id":285,"href":"https:\/\/pug.hr\/gimnazija\/wp-json\/wp\/v2\/pages\/34\/revisions\/285"}],"up":[{"embeddable":true,"href":"https:\/\/pug.hr\/gimnazija\/wp-json\/wp\/v2\/pages\/4"}],"wp:attachment":[{"href":"https:\/\/pug.hr\/gimnazija\/wp-json\/wp\/v2\/media?parent=34"}],"curies":[{"name":"wp","href":"https:\/\/api.w.org\/{rel}","templated":true}]}}