{"id":1218,"date":"2012-09-09T21:11:15","date_gmt":"2012-09-09T19:11:15","guid":{"rendered":"http:\/\/www.pug.hr\/gimnazija\/?page_id=1218"},"modified":"2025-10-31T13:02:19","modified_gmt":"2025-10-31T12:02:19","slug":"rucak","status":"publish","type":"page","link":"https:\/\/pug.hr\/gimnazija\/rucak\/","title":{"rendered":"Ru\u010dak"},"content":{"rendered":"<p>\u0160kola, na \u017ealost, ne mo\u017ee ponuditi u\u010denicima ru\u010dak u \u0161koli tijekom velikog odmora.<\/p>\n<p>U\u010denici smiju jesti u u\u010dionicima i prostorima \u0161kole tijekom velikog odmora hranu koju donose od ku\u0107e ili nabavljaju u obli\u017enjim du\u0107anima i ugostiteljskim objektima.<\/p>\n<p><a href=\"https:\/\/pug.hr\/gimnazija\/wp-content\/uploads\/2012\/09\/Rucak.jpg\"><img loading=\"lazy\" decoding=\"async\" class=\"alignleft size-medium wp-image-1223\" title=\"Rucak\" src=\"https:\/\/pug.hr\/gimnazija\/wp-content\/uploads\/2012\/09\/Rucak-300x84.jpg\" alt=\"\" width=\"300\" height=\"84\" srcset=\"https:\/\/pug.hr\/gimnazija\/wp-content\/uploads\/2012\/09\/Rucak-300x84.jpg 300w, https:\/\/pug.hr\/gimnazija\/wp-content\/uploads\/2012\/09\/Rucak.jpg 872w\" sizes=\"auto, (max-width: 300px) 100vw, 300px\" \/><\/a><\/p>\n","protected":false},"excerpt":{"rendered":"<p>\u0160kola, na \u017ealost, ne mo\u017ee ponuditi u\u010denicima ru\u010dak u \u0161koli tijekom velikog odmora&#8230;.<\/p>\n","protected":false},"author":1,"featured_media":1223,"parent":0,"menu_order":0,"comment_status":"open","ping_status":"open","template":"","meta":{"ngg_post_thumbnail":0,"jetpack_post_was_ever_published":false,"footnotes":""},"class_list":["post-1218","page","type-page","status-publish","has-post-thumbnail","hentry"],"jetpack_sharing_enabled":true,"jetpack_shortlink":"https:\/\/wp.me\/P2cktY-jE","_links":{"self":[{"href":"https:\/\/pug.hr\/gimnazija\/wp-json\/wp\/v2\/pages\/1218","targetHints":{"allow":["GET"]}}],"collection":[{"href":"https:\/\/pug.hr\/gimnazija\/wp-json\/wp\/v2\/pages"}],"about":[{"href":"https:\/\/pug.hr\/gimnazija\/wp-json\/wp\/v2\/types\/page"}],"author":[{"embeddable":true,"href":"https:\/\/pug.hr\/gimnazija\/wp-json\/wp\/v2\/users\/1"}],"replies":[{"embeddable":true,"href":"https:\/\/pug.hr\/gimnazija\/wp-json\/wp\/v2\/comments?post=1218"}],"version-history":[{"count":5,"href":"https:\/\/pug.hr\/gimnazija\/wp-json\/wp\/v2\/pages\/1218\/revisions"}],"predecessor-version":[{"id":9451,"href":"https:\/\/pug.hr\/gimnazija\/wp-json\/wp\/v2\/pages\/1218\/revisions\/9451"}],"wp:featuredmedia":[{"embeddable":true,"href":"https:\/\/pug.hr\/gimnazija\/wp-json\/wp\/v2\/media\/1223"}],"wp:attachment":[{"href":"https:\/\/pug.hr\/gimnazija\/wp-json\/wp\/v2\/media?parent=1218"}],"curies":[{"name":"wp","href":"https:\/\/api.w.org\/{rel}","templated":true}]}}