{"id":12,"date":"2012-02-08T06:55:04","date_gmt":"2012-02-08T06:55:04","guid":{"rendered":"http:\/\/www.pug.hr\/gimnazija\/?page_id=12"},"modified":"2025-12-04T11:24:34","modified_gmt":"2025-12-04T10:24:34","slug":"upisi","status":"publish","type":"page","link":"https:\/\/pug.hr\/gimnazija\/upisi\/","title":{"rendered":"Upisi"},"content":{"rendered":"<p style=\"text-align: justify;\">U\u010denici osmih razreda mogu se prijaviti za upis u I. razred u Privatnu umjetni\u010dku gimnaziju tijekom cijele \u0161kolske godine.<\/p>\n<p>Privatna umjetni\u010dka gimnazija ove godine upisuje u\u010denike u sva tri svoja programa: Umjetni\u010dku gimnaziju, Jezi\u010dnu gimnaziju i Op\u0107u gimnaziju.<br class=\"\"><br class=\"\"><\/p>\n<p>Nastavni plan Umjetni\u010dke gimnazije, kao na\u0161eg jedinstvenog programa, prona\u0107i \u0107ete <a href=\"https:\/\/pug.hr\/gimnazija\/nastava\/nastavni-plan\/\" target=\"_blank\" rel=\"noopener\">ovdje<\/a>, a \u017eivotopise na\u0161ih profesora mo\u017eete vidjeti <a href=\"https:\/\/pug.hr\/gimnazija\/profesori\/zivotopisi-profesora\/\" target=\"_blank\" rel=\"noopener\">ovdje<\/a>.<br class=\"\"><br class=\"\"><\/p>\n<p>Kako u\u010denici opisuju svoju \u0161kolu mo\u017eete vidjeti u ovom njihovom kratkom filmu iz 2017. godine.<br class=\"\"><br class=\"\"><iframe loading=\"lazy\" src=\"https:\/\/www.youtube.com\/embed\/2hGjYhn1uB4\" width=\"560\" height=\"315\" frameborder=\"0\" allowfullscreen=\"allowfullscreen\"><\/iframe><br \/>\n<br class=\"\"><br class=\"\"><\/p>\n<p><br class=\"\"><a href=\"https:\/\/pug.hr\/gimnazija\/virtualni-otvoreni-dani-dan-prvi\/\" target=\"_blank\" rel=\"noopener\">Ovdje pogledajte \u0161to i kako o \u0161koli govore neki od na\u0161ih ranijih u\u010denika.<\/a><br class=\"\"><br class=\"\"><\/p>\n<p style=\"text-align: justify;\">Za upis je va\u017ean razgovor ravnateljice s u\u010denikom kojem prisustvuju i roditelji, a te\u017ei\u0161te je na uo\u010davanju u\u010denikovih sklonosti, interesa i razine op\u0107e kulture. Nakon razgovora, u\u010denik, roditelji i Gimnazija donose odluku &nbsp;o upisu.<\/p>\n<p><a href=\"https:\/\/docs.google.com\/forms\/d\/1I6ESZ1Nk9tMaBW69pMk6URNTWFYr0gfM2XwIXf9OThE\/viewform?usp=send_form\"><img loading=\"lazy\" decoding=\"async\" class=\"size-full wp-image-3033 aligncenter\" src=\"https:\/\/pug.hr\/gimnazija\/wp-content\/uploads\/2012\/02\/Online-prijavnica.jpg\" alt=\"Online prijavnica\" width=\"315\" height=\"107\" srcset=\"https:\/\/pug.hr\/gimnazija\/wp-content\/uploads\/2012\/02\/Online-prijavnica.jpg 315w, https:\/\/pug.hr\/gimnazija\/wp-content\/uploads\/2012\/02\/Online-prijavnica-300x101.jpg 300w\" sizes=\"auto, (max-width: 315px) 100vw, 315px\" \/><\/a><\/p>\n<h2 style=\"text-align: justify;\">&nbsp;<\/h2>\n<h2 style=\"text-align: justify;\"><strong>Molimo sve zainteresirane u\u010denike i roditelje da nam se jave \u0161to ranije kako bi na vrijeme pro\u0161li ovaj odlu\u010duju\u0107i korak do upisa. Nije dobro \u010dekati upisnu gu\u017evu!!<\/strong><\/h2>\n<p style=\"text-align: justify;\">Razgovoru u\u010denici i roditelji pristupaju <strong>bez obaveze upisa<\/strong>.<\/p>\n<p style=\"text-align: justify;\">Dokument za taj razgovor je svjedod\u017eba VII. razreda.<\/p>\n<blockquote>\n<p style=\"text-align: justify;\"><span style=\"color: #0000ff;\">VA\u017dNO! Gimnazija je uklju\u010dena u \u0161kolski sustav Hrvatske i kao takva upisuje u\u010denike kroz sustav elektronskog upisa na <a href=\"http:\/\/www.upisi.hr\"><span style=\"color: #0000ff;\">www.upisi.hr<\/span><\/a>. U\u010denici i roditelji trebaju znati da je preduvjet svakog upisa obostrani potpis Ugovora o \u0161kolovanju.<\/span><\/p>\n<\/blockquote>\n<p style=\"text-align: justify;\">Kod upisa u\u010denika koji su dio svojeg prethodnog \u0161kolovanja proveli u inozemstvu stvaramo uvjete koji olak\u0161avaju prilagodbu hrvatskom obrazovnom sustavu. Prema na\u0161im iskustvima do kraja \u0161kolske godine takvi u\u010denici obi\u010dno polo\u017ee sve razlikovne ispite, usavr\u0161e hrvatski jezik do potrebne razine i sasvim se osamostale i uklju\u010de u uobi\u010dajeni rad \u0161kole.<\/p>\n<p style=\"text-align: justify;\">Za sve potrebne obavijesti javite nam se na info(at)pug.hr ili na bilo koji drugi na\u010din naveden na stranici <a href=\"https:\/\/pug.hr\/gimnazija\/kontakt-info\/\">Kontakti<\/a>.<\/p>\n<p><strong><span style=\"text-decoration: underline;\">\u0160KOLARINA<\/span><\/strong><\/p>\n<p style=\"text-align: justify;\">Privatna umjetni\u010dka gimnazija financira se gotovo u cijelosti iz \u0161kolarine.<\/p>\n<p style=\"text-align: justify;\">\u0160kolarina za \u0161kolsku godinu 2026.\/2027. iznosi 6.500 EUR godi\u0161nje i uklju\u010duje organizaciju redovne, dopunske i dodatne nastave, rad u radionicama, ulaznice za posjete scenskim predstavama (kazali\u0161nim, glazbenim\u2026), muzejima, galerijama, kulturnim spomenicima i kulturnim institucijama koje \u0161kola organizira kao sastavni dio nastavnog procesa.<\/p>\n<p style=\"text-align: justify;\">\u0160kolarina <strong>ne<\/strong> uklju\u010duje prehranu, ud\u017ebenike, u\u010deni\u010dki pribor i tro\u0161kove stru\u010dnih putovanja.<\/p>\n<p style=\"text-align: justify;\">Iznos \u0161kolarine mogu\u0107e je platiti u ratama prema dogovoru sa Upravom \u0161kole, a ukoliko se cjelogodi\u0161nja uplata podmiri unaprijed Uprava odobrava smanjen iznos \u0161kolarine.<\/p>\n<p style=\"text-align: justify;\">Posebno daroviti i u\u010denici sa izvrsnim uspjehom imaju pravo na smanjen iznos \u0161kolarine kao i u\u010denici \u010dija starija bra\u0107a i\/ili sestre tako\u0111er poha\u0111aju Gimnaziju.<\/p>\n<p><a href=\"https:\/\/pug.hr\/gimnazija\/natjecaj-za-upis-u-prvi-razred-u-skolskoj-godini-2024-2025\/\">Kompletan tekst natje\u010daja za upis<\/a><\/p>\n<p>&nbsp;<\/p>\n","protected":false},"excerpt":{"rendered":"<p>U\u010denici osmih razreda mogu se prijaviti za upis u I. razred u Privatnu&#8230;<\/p>\n","protected":false},"author":1,"featured_media":0,"parent":0,"menu_order":0,"comment_status":"closed","ping_status":"open","template":"","meta":{"ngg_post_thumbnail":0,"jetpack_post_was_ever_published":false,"footnotes":""},"class_list":["post-12","page","type-page","status-publish","hentry"],"jetpack_sharing_enabled":true,"jetpack_shortlink":"https:\/\/wp.me\/P2cktY-c","_links":{"self":[{"href":"https:\/\/pug.hr\/gimnazija\/wp-json\/wp\/v2\/pages\/12","targetHints":{"allow":["GET"]}}],"collection":[{"href":"https:\/\/pug.hr\/gimnazija\/wp-json\/wp\/v2\/pages"}],"about":[{"href":"https:\/\/pug.hr\/gimnazija\/wp-json\/wp\/v2\/types\/page"}],"author":[{"embeddable":true,"href":"https:\/\/pug.hr\/gimnazija\/wp-json\/wp\/v2\/users\/1"}],"replies":[{"embeddable":true,"href":"https:\/\/pug.hr\/gimnazija\/wp-json\/wp\/v2\/comments?post=12"}],"version-history":[{"count":5,"href":"https:\/\/pug.hr\/gimnazija\/wp-json\/wp\/v2\/pages\/12\/revisions"}],"predecessor-version":[{"id":9683,"href":"https:\/\/pug.hr\/gimnazija\/wp-json\/wp\/v2\/pages\/12\/revisions\/9683"}],"wp:attachment":[{"href":"https:\/\/pug.hr\/gimnazija\/wp-json\/wp\/v2\/media?parent=12"}],"curies":[{"name":"wp","href":"https:\/\/api.w.org\/{rel}","templated":true}]}}